{"id":43,"date":"2017-10-09T09:07:12","date_gmt":"2017-10-09T09:07:12","guid":{"rendered":"http:\/\/www.proforklift.pro\/?page_id=43"},"modified":"2022-03-03T11:51:17","modified_gmt":"2022-03-03T11:51:17","slug":"forklift-kiralama","status":"publish","type":"page","link":"https:\/\/www.proforklift.pro\/?page_id=43","title":{"rendered":"Forklift Kiralama"},"content":{"rendered":"<h3>D\u00f6nemsel Forklift kiralama, Kiralaman\u0131n Avantajlar\u0131<\/h3>\n<div id=\"la-4302-dnemsel-forklift-kiralama-kiralamann-avantajlar\">G\u00fcn\u00fcm\u00fcz geli\u015fen ekonomilerinde firmalar kendi ilgi alanlar\u0131ndaki konsantrasyonlar\u0131n\u0131 bozmamak, istihdam bak\u0131m\u0131ndan ekonomik olmak ve i\u015fletme maliyetlerini d\u00fc\u015f\u00fcrmek a\u00e7\u0131s\u0131ndan her i\u015fi uzmanlar\u0131na yapt\u0131rmay\u0131 tercih etmektedir.<br \/>\nBizler PROL\u0130FT olarak de\u011ferli m\u00fc\u015fterilerimize art\u0131 bir de\u011fer kazand\u0131rmak ad\u0131na d\u00f6nemsel Forklift Kiralama hizmetimizle destek vermeyi ama\u00e7l\u0131yoruz.<\/p>\n<h3>Kiralaman\u0131n Avantajlar\u0131<\/h3>\n<p>\u2022 Zamandan ve \u00e7al\u0131\u015fan ki\u015fi say\u0131s\u0131ndan tasarruf sa\u011flayabilmektesiniz.<br \/>\n\u2022 Firmalar i\u015f yo\u011funluklar\u0131na g\u00f6re sat\u0131n alma yapmadan mevcut kiralama s\u00f6zle\u015fmesi do\u011frultusunda forklift say\u0131s\u0131n\u0131 artt\u0131rabilir ya da azaltabilir.<br \/>\n\u2022 Periyodik servis, bak\u0131m onar\u0131m gibi maliyetler ortadan kalkmaktad\u0131r.<br \/>\n\u2022 Ayl\u0131k forklift kiralama maliyetleriniz sabit oldu\u011fundan forklift konusuna ay\u0131rd\u0131\u011f\u0131n\u0131z y\u0131ll\u0131k b\u00fct\u00e7e yapt\u0131\u011f\u0131n\u0131z s\u00f6zle\u015fme ile ba\u015ftan belli olmaktad\u0131r.<br \/>\n\u2022 Sermaye ya da kredi kullanmadan forklift ihtiya\u00e7lar\u0131n\u0131z\u0131 kar\u015f\u0131layabilmektesiniz.<br \/>\n\u2022 Forklift kiralama giderlerini muhasebele\u015ftirerek vergi avantaj\u0131 sa\u011flayabilmektesiniz.<\/p>\n<\/div>\n<div><\/div>\n","protected":false},"excerpt":{"rendered":"<p>D\u00f6nemsel Forklift kiralama, Kiralaman\u0131n Avantajlar\u0131 G\u00fcn\u00fcm\u00fcz geli\u015fen ekonomilerinde firmalar kendi ilgi alanlar\u0131ndaki konsantrasyonlar\u0131n\u0131 bozmamak, istihdam bak\u0131m\u0131ndan ekonomik olmak ve i\u015fletme maliyetlerini d\u00fc\u015f\u00fcrmek a\u00e7\u0131s\u0131ndan her i\u015fi uzmanlar\u0131na yapt\u0131rmay\u0131 tercih etmektedir. Bizler PROL\u0130FT olarak de\u011ferli m\u00fc\u015fterilerimize art\u0131 bir de\u011fer kazand\u0131rmak ad\u0131na d\u00f6nemsel Forklift Kiralama hizmetimizle destek vermeyi ama\u00e7l\u0131yoruz. Kiralaman\u0131n Avantajlar\u0131 \u2022 Zamandan ve \u00e7al\u0131\u015fan ki\u015fi say\u0131s\u0131ndan tasarruf [&hellip;]<\/p>\n","protected":false},"author":1,"featured_media":0,"parent":0,"menu_order":0,"comment_status":"closed","ping_status":"closed","template":"","meta":{"footnotes":""},"class_list":["post-43","page","type-page","status-publish","hentry"],"_links":{"self":[{"href":"https:\/\/www.proforklift.pro\/index.php?rest_route=\/wp\/v2\/pages\/43","targetHints":{"allow":["GET"]}}],"collection":[{"href":"https:\/\/www.proforklift.pro\/index.php?rest_route=\/wp\/v2\/pages"}],"about":[{"href":"https:\/\/www.proforklift.pro\/index.php?rest_route=\/wp\/v2\/types\/page"}],"author":[{"embeddable":true,"href":"https:\/\/www.proforklift.pro\/index.php?rest_route=\/wp\/v2\/users\/1"}],"replies":[{"embeddable":true,"href":"https:\/\/www.proforklift.pro\/index.php?rest_route=%2Fwp%2Fv2%2Fcomments&post=43"}],"version-history":[{"count":6,"href":"https:\/\/www.proforklift.pro\/index.php?rest_route=\/wp\/v2\/pages\/43\/revisions"}],"predecessor-version":[{"id":445,"href":"https:\/\/www.proforklift.pro\/index.php?rest_route=\/wp\/v2\/pages\/43\/revisions\/445"}],"wp:attachment":[{"href":"https:\/\/www.proforklift.pro\/index.php?rest_route=%2Fwp%2Fv2%2Fmedia&parent=43"}],"curies":[{"name":"wp","href":"https:\/\/api.w.org\/{rel}","templated":true}]}}